{"id":25,"date":"2012-08-24T08:33:53","date_gmt":"2012-08-24T06:33:53","guid":{"rendered":"http:\/\/naturheilpraxis-haimendorf.de\/?page_id=25"},"modified":"2026-03-16T20:44:22","modified_gmt":"2026-03-16T19:44:22","slug":"therapie","status":"publish","type":"page","link":"https:\/\/naturheilpraxis-haimendorf.de\/?page_id=25","title":{"rendered":"Therapie"},"content":{"rendered":"\n<p>In unserer Praxis verbinden wir klassische Naturheilverfahren mit physiotherapeutischen Behandlungsmethoden. Ziel ist es, Beschwerden nicht nur symptomatisch zu behandeln, sondern den Menschen ganzheitlich zu betrachten und die Selbstheilungskr\u00e4fte des Organismus zu unterst\u00fctzen.<\/p>\n\n\n\n<p>Die Naturheilkunde ber\u00fccksichtigt dabei k\u00f6rperliche, seelische und energetische Zusammenh\u00e4nge und strebt ein Gleichgewicht der k\u00f6rpereigenen Funktionen an. Erg\u00e4nzend kommen physiotherapeutische und manuelle Techniken zum Einsatz, um Bewegungsst\u00f6rungen, Schmerzen und funktionelle Einschr\u00e4nkungen des Bewegungsapparates gezielt zu behandeln.<\/p>\n\n\n\n<p>Auf den folgenden Seiten erhalten Sie einen \u00dcberblick \u00fcber unsere wichtigsten Therapieverfahren aus den Bereichen Naturheilkunde und Physiotherapie.<\/p>\n","protected":false},"excerpt":{"rendered":"<p>In unserer Praxis verbinden wir klassische Naturheilverfahren mit physiotherapeutischen Behandlungsmethoden. Ziel ist es, Beschwerden nicht nur symptomatisch zu behandeln, sondern den Menschen ganzheitlich zu betrachten und die Selbstheilungskr\u00e4fte des Organismus zu unterst\u00fctzen. Die Naturheilkunde ber\u00fccksichtigt dabei k\u00f6rperliche, seelische und energetische Zusammenh\u00e4nge und strebt ein Gleichgewicht der k\u00f6rpereigenen Funktionen an. Erg\u00e4nzend kommen physiotherapeutische und manuelle Techniken [&hellip;]<\/p>\n","protected":false},"author":3,"featured_media":0,"parent":0,"menu_order":0,"comment_status":"closed","ping_status":"closed","template":"","meta":{"footnotes":""},"class_list":["post-25","page","type-page","status-publish","hentry"],"_links":{"self":[{"href":"https:\/\/naturheilpraxis-haimendorf.de\/index.php?rest_route=\/wp\/v2\/pages\/25","targetHints":{"allow":["GET"]}}],"collection":[{"href":"https:\/\/naturheilpraxis-haimendorf.de\/index.php?rest_route=\/wp\/v2\/pages"}],"about":[{"href":"https:\/\/naturheilpraxis-haimendorf.de\/index.php?rest_route=\/wp\/v2\/types\/page"}],"author":[{"embeddable":true,"href":"https:\/\/naturheilpraxis-haimendorf.de\/index.php?rest_route=\/wp\/v2\/users\/3"}],"replies":[{"embeddable":true,"href":"https:\/\/naturheilpraxis-haimendorf.de\/index.php?rest_route=%2Fwp%2Fv2%2Fcomments&post=25"}],"version-history":[{"count":4,"href":"https:\/\/naturheilpraxis-haimendorf.de\/index.php?rest_route=\/wp\/v2\/pages\/25\/revisions"}],"predecessor-version":[{"id":182,"href":"https:\/\/naturheilpraxis-haimendorf.de\/index.php?rest_route=\/wp\/v2\/pages\/25\/revisions\/182"}],"wp:attachment":[{"href":"https:\/\/naturheilpraxis-haimendorf.de\/index.php?rest_route=%2Fwp%2Fv2%2Fmedia&parent=25"}],"curies":[{"name":"wp","href":"https:\/\/api.w.org\/{rel}","templated":true}]}}