{"id":33,"date":"2012-08-24T09:25:05","date_gmt":"2012-08-24T07:25:05","guid":{"rendered":"http:\/\/naturheilpraxis-haimendorf.de\/?page_id=33"},"modified":"2026-03-16T20:52:37","modified_gmt":"2026-03-16T19:52:37","slug":"waltraud-hoffmann","status":"publish","type":"page","link":"https:\/\/naturheilpraxis-haimendorf.de\/?page_id=33","title":{"rendered":"Waltraud Hoffmann"},"content":{"rendered":"<div id=\"attachment_116\" style=\"width: 209px\" class=\"wp-caption alignright\"><img loading=\"lazy\" decoding=\"async\" aria-describedby=\"caption-attachment-116\" class=\"size-medium wp-image-116\" alt=\"Waltraud Hoffmann\" src=\"https:\/\/naturheilpraxis-haimendorf.de\/wp-content\/uploads\/2012\/08\/hoffmann-199x300.jpg\" width=\"199\" height=\"300\" srcset=\"https:\/\/naturheilpraxis-haimendorf.de\/wp-content\/uploads\/2012\/08\/hoffmann-199x300.jpg 199w, https:\/\/naturheilpraxis-haimendorf.de\/wp-content\/uploads\/2012\/08\/hoffmann.jpg 510w\" sizes=\"auto, (max-width: 199px) 100vw, 199px\" \/><p id=\"caption-attachment-116\" class=\"wp-caption-text\"><br \/>\n<\/a><br \/>\nWaltraud Hoffmann<br \/><\/p><\/div>\n<h2>Heilpraktikerin<\/h2>\n<h3>Vita<\/h3>\n<p style=\"padding-left: 30px;\">\nWaltraud A. Hoffmann, geboren am 7. August 1951.<\/p>\n<p style=\"padding-left: 30px;\">\nNach einer Ausbildung zur Industriekauffrau und l\u00e4ngerer T\u00e4tigkeit im kaufm\u00e4nnischen Beruf<br \/>\nerfolgte 1983 der Wechsel zur Ausbildung als Masseurin. 1986 begann sie die Ausbildung zur<br \/>\nIOKAI Meridian Shiatsu-Therapeutin bei Sensei Kazunori Sasaki.<\/p>\n<h3>Mitgliedschaften<\/h3>\n<ul>\n<li>Fachverband Deutscher Heilpraktiker e.V. (FDH)<\/li>\n<li>IOKAI-D<\/li>\n<\/ul>\n<h3>Ausbildung \/ Fortbildungen<\/h3>\n<table>\n<tbody>\n<tr>\n<td style=\"text-align:right;width:100px;\">1985 \u2013 2012<\/td>\n<td>\nKontinuierliche Fortbildungen IOKAI Meridian Shiatsu bei Sensei Kazunori Sasaki,<br \/>\neinschlie\u00dflich Hara-Diagnose, Qi Gong, DO IN und Yoga<\/td>\n<\/tr>\n<tr>\n<td style=\"text-align:right;\">1993<\/td>\n<td>\nPr\u00fcfung zur Diplom-IOKAI Meridian Shiatsu-Therapeutin in Paris<br \/>\nbei Sensei Kazunori Sasaki und Sensei Yasumasa Kawada<\/td>\n<\/tr>\n<tr>\n<td style=\"text-align:right;\">18.02.\u201307.03.<\/td>\n<td>\nJapan Travel Projekt \u2013 IOKAI Meridian Shiatsu Academy<\/td>\n<\/tr>\n<tr>\n<td style=\"text-align:right;\">2008<\/td>\n<td>\nShiatsu-Workshop, Namikoshi College Tokio<br \/>\nSoto-Zen-Sesshin, Sojiji Temple<br \/>\nRinzai-Zen-Sesshin, Ryumonji Zen Temple<\/td>\n<\/tr>\n<tr>\n<td style=\"text-align:right;\">1987<\/td>\n<td>\nZa-Zen \u2013 Sesshin nach Taisen Deshimaru Roshi,<br \/>\nZen Temple La Gendronni\u00e8re, Frankreich<\/td>\n<\/tr>\n<tr>\n<td style=\"text-align:right;\">1987<\/td>\n<td>Fu\u00dfreflexzonenmassage<\/td>\n<\/tr>\n<tr>\n<td style=\"text-align:right;\">1988<\/td>\n<td>APM-Massage nach Penzel<\/td>\n<\/tr>\n<tr>\n<td style=\"text-align:right;\">1989<\/td>\n<td>Ohrakupunktur<\/td>\n<\/tr>\n<tr>\n<td style=\"text-align:right;\">1990<\/td>\n<td>Osteopathie-Grundausbildung, Dr. Samy, Frankreich<\/td>\n<\/tr>\n<tr>\n<td style=\"text-align:right;\">1990<\/td>\n<td>\nSeminarleiterin Autogenes Training nach Dr. Schulz<br \/>\nHypnose \u2013 Institut f\u00fcr Hypnose W. Steffens, Hannover<\/td>\n<\/tr>\n<tr>\n<td style=\"text-align:right;\">2000<\/td>\n<td>Shiatsu-Kongress, Berlin<\/td>\n<\/tr>\n<tr>\n<td style=\"text-align:right;\">12\/2001<\/td>\n<td>Seiki-Workshop, Akinobu Kishi Sensei (Japan), Erding<\/td>\n<\/tr>\n<tr>\n<td style=\"text-align:right;\">11\/2002<\/td>\n<td>BFD \u2013 Bioresonanztherapie, Fa. Holimed, N\u00fcrnberg<\/td>\n<\/tr>\n<tr>\n<td style=\"text-align:right;\">04 + 09\/2004<\/td>\n<td>\nQualifikationskurs Ohrakupunktur I + II,<br \/>\nVerband Freie Heilpraktiker, D\u00fcsseldorf, R. Guck<\/td>\n<\/tr>\n<tr>\n<td style=\"text-align:right;\">07\/2009<\/td>\n<td>Aminos\u00e4uren in der Therapie, Fa. Kyberg<\/td>\n<\/tr>\n<\/tbody>\n<\/table>\n<h4>TCM-Ausbildung<\/h4>\n<table>\n<tbody>\n<tr>\n<td style=\"text-align:right;width:100px;\">2004 \u2013 2006<\/td>\n<td>\nTCM-Ausbildung bei Claude Diolosa, Wien<br \/>\n(Pulsdiagnose, Zungendiagnose, Akupunktur, Tuina,<br \/>\n5-Elemente-Ern\u00e4hrungslehre, chinesische Phytotherapie,<br \/>\nSchr\u00f6pfen, Gua Sha)<\/td>\n<\/tr>\n<tr>\n<td style=\"text-align:right;\">02\/2004<\/td>\n<td>Pulsdiagnose in der TCM, M. Hunecke \u2013 Bacopa, Linz<\/td>\n<\/tr>\n<tr>\n<td style=\"text-align:right;\">02\/2006<\/td>\n<td>Pulsdiagnostik in der TCM, Dr. F. Ploberger \u2013 Linz<\/td>\n<\/tr>\n<tr>\n<td style=\"text-align:right;\">06\/2006<\/td>\n<td>Lehrerseminar IOKAI Meridian Shiatsu, Sensei Kazunori Sasaki, Frankreich<\/td>\n<\/tr>\n<tr>\n<td style=\"text-align:right;\">11\/2007<\/td>\n<td>\nTherapieans\u00e4tze in der Chinesischen Medizin,<br \/>\nGiovanni Maciocia, Dr. A. H\u00f6ll, KV Hessen, Oberursel<\/td>\n<\/tr>\n<tr>\n<td style=\"text-align:right;\">09\/2009<\/td>\n<td>Psychologie der 5 Elemente, Claude Diolosa \u2013 Linz<\/td>\n<\/tr>\n<tr>\n<td style=\"text-align:right;\">05\/2010<\/td>\n<td>\nRationelle und sichere Diagnostik in der TCM-Praxis,<br \/>\nHara-Diagnostik, Prof. Dr. St. Englert \u2013 Bacopa \/ Linz<\/td>\n<\/tr>\n<tr>\n<td style=\"text-align:right;\">2006 \u2013 2009<\/td>\n<td>TCM-Fortbildung bei Dr. Florian Ploberger \u2013 Linz<\/td>\n<\/tr>\n<tr>\n<td style=\"text-align:right;\">07\/2010<\/td>\n<td>Face Reading in Chinese Medicine \/ Facial Diagnosis, Lilian P. Bridges \u2013 Wien<\/td>\n<\/tr>\n<tr>\n<td style=\"text-align:right;\">05\/2011<\/td>\n<td>Advanced Facial Diagnosis, Lilian P. Bridges \u2013 Wien<\/td>\n<\/tr>\n<tr>\n<td style=\"text-align:right;\">seit 2009<\/td>\n<td>Vitatec \u2013 Vitalfeld-Therapie und Global-Diagnostic, Orthomolekulare Medizin<\/td>\n<\/tr>\n<\/tbody>\n<\/table>\n<h4>Feng Shui \u2013 Ausbildung<\/h4>\n<table>\n<tbody>\n<tr>\n<td style=\"text-align:right;width:100px;\">1994<\/td>\n<td>G\u00fcnther Sator \u2013 \u00d6sterreich<\/td>\n<\/tr>\n<tr>\n<td style=\"text-align:right;\">1995 \u2013 1998<\/td>\n<td>Marc H\u00e4berlin \u2013 Schweiz<\/td>\n<\/tr>\n<tr>\n<td style=\"text-align:right;\">1996 \u2013 1999<\/td>\n<td>Chinesisches Horoskop, Marc H\u00e4berlin \u2013 Schweiz, Dr. Jes Lim (Hongkong)<\/td>\n<\/tr>\n<tr>\n<td style=\"text-align:right;\">1997<\/td>\n<td>I-Ging-Ausbildung, Dominic Roll\u00e9 (Schweiz), Carol Anthony (USA), Hamea Moog<\/td>\n<\/tr>\n<tr>\n<td style=\"text-align:right;\">1998<\/td>\n<td>Garten-Feng-Shui, Johann Bauer \u2013 S\u00fcdtirol<\/td>\n<\/tr>\n<tr>\n<td style=\"text-align:right;\">1998<\/td>\n<td>Kalthei\u00df \u2013 Chiemsee (kinesiologische Tests, Pendeln, Rutengehen)<\/td>\n<\/tr>\n<tr>\n<td style=\"text-align:right;\">1999<\/td>\n<td>Dr. Jes Lim (Hongkong, London, Sydney, Wien)<\/td>\n<\/tr>\n<tr>\n<td style=\"text-align:right;\">2005<\/td>\n<td>Kalligrafie, Julie Lim (Hongkong)<\/td>\n<\/tr>\n<\/tbody>\n<\/table>\n<p><\/p>\n","protected":false},"excerpt":{"rendered":"<p>Heilpraktikerin Vita Waltraud A. Hoffmann, geboren am 7. August 1951. Nach einer Ausbildung zur Industriekauffrau und l\u00e4ngerer T\u00e4tigkeit im kaufm\u00e4nnischen Beruf erfolgte 1983 der Wechsel zur Ausbildung als Masseurin. 1986 begann sie die Ausbildung zur IOKAI Meridian Shiatsu-Therapeutin bei Sensei Kazunori Sasaki. Mitgliedschaften Fachverband Deutscher Heilpraktiker e.V. (FDH) IOKAI-D Ausbildung \/ Fortbildungen 1985 \u2013 2012 [&hellip;]<\/p>\n","protected":false},"author":3,"featured_media":0,"parent":21,"menu_order":0,"comment_status":"closed","ping_status":"closed","template":"","meta":{"footnotes":""},"class_list":["post-33","page","type-page","status-publish","hentry"],"_links":{"self":[{"href":"https:\/\/naturheilpraxis-haimendorf.de\/index.php?rest_route=\/wp\/v2\/pages\/33","targetHints":{"allow":["GET"]}}],"collection":[{"href":"https:\/\/naturheilpraxis-haimendorf.de\/index.php?rest_route=\/wp\/v2\/pages"}],"about":[{"href":"https:\/\/naturheilpraxis-haimendorf.de\/index.php?rest_route=\/wp\/v2\/types\/page"}],"author":[{"embeddable":true,"href":"https:\/\/naturheilpraxis-haimendorf.de\/index.php?rest_route=\/wp\/v2\/users\/3"}],"replies":[{"embeddable":true,"href":"https:\/\/naturheilpraxis-haimendorf.de\/index.php?rest_route=%2Fwp%2Fv2%2Fcomments&post=33"}],"version-history":[{"count":11,"href":"https:\/\/naturheilpraxis-haimendorf.de\/index.php?rest_route=\/wp\/v2\/pages\/33\/revisions"}],"predecessor-version":[{"id":185,"href":"https:\/\/naturheilpraxis-haimendorf.de\/index.php?rest_route=\/wp\/v2\/pages\/33\/revisions\/185"}],"up":[{"embeddable":true,"href":"https:\/\/naturheilpraxis-haimendorf.de\/index.php?rest_route=\/wp\/v2\/pages\/21"}],"wp:attachment":[{"href":"https:\/\/naturheilpraxis-haimendorf.de\/index.php?rest_route=%2Fwp%2Fv2%2Fmedia&parent=33"}],"curies":[{"name":"wp","href":"https:\/\/api.w.org\/{rel}","templated":true}]}}