{"id":55,"date":"2012-08-24T13:43:32","date_gmt":"2012-08-24T11:43:32","guid":{"rendered":"http:\/\/naturheilpraxis-haimendorf.de\/?page_id=55"},"modified":"2014-10-22T09:08:58","modified_gmt":"2014-10-22T07:08:58","slug":"naturheilkunde","status":"publish","type":"page","link":"https:\/\/naturheilpraxis-haimendorf.de\/?page_id=55","title":{"rendered":"Naturheilkunde"},"content":{"rendered":"<h1>Traditionelle Chinesische Medizin<\/h1>\n<h2>Akupunktur<\/h2>\n<p>In der Traditionellen Chinesischen Medizin, wie auch in allen anderen asiatischen Behandlungsmethoden und Therapien wird der Mensch als eine Form von Mikrokosmos betrachtet, in dem alle Erscheinungen, die auf diesen Mikrokosmos einwirken, den Menschen in allen Aspekten seines Seins beeinflussen. Alles steht immer miteinander in Verbindung. Der Mensch als interagierender Teil des kosmischen Ganzen.<\/p>\n<p>In dieser ganzheitlichen Betrachtungsweise werden alle Erscheinungen, die eine Wirkung auf den Menschen haben, einbezogen; die k\u00f6rperlichen, die psychischen, geistig-mentalen, spirituellen aber auch sozialen Einfl\u00fcsse. Dies kommt durch die 5-Elementen &#8211; Lehre zum Ausdruck. Sie stellt eine zyklische Anordnung der Elemente Feuer, Erde, Metall, Wasser und Holz dar und geht davon aus, dass die Interaktion der Elemente und deren Gleichgewicht einen Prozessablauf im Organismus bewirkt. Findet sich in einem Element ein Mangel oder \u00dcberfluss, wird der Prozessablauf, d.h. ein gesundes Funktionieren der Organfunktionen, der Lebensenergie QI, japanisch KI, und damit der Lebensqualit\u00e4t gest\u00f6rt und der Organismus wird gesch\u00e4digt, erkrankt.<\/p>\n<p>Allen Elementen sind unter anderem bestimmte Organe, K\u00f6rperfl\u00fcssigkeiten, Geschmacksrichtungen, Sinnesfunktionen, Gef\u00fchle, Gewebe wie auch Farben, Tageszeiten, K\u00f6rperregionen und klimatische Verh\u00e4ltnisse (K\u00e4lte, W\u00e4rme, N\u00e4sse,&#8230;) zugeordnet. Bei einem Ungleichgewicht, auch Vorlieben oder Abneigungen k\u00f6nnen diagnostisch R\u00fcckschl\u00fcsse auf das Beschwerdebild gezogen werden. So l\u00e4sst Abneigung\/Empfindlichkeit gegen Wind auf eine St\u00f6rung im Element Holz (Organ: Leber\/Galle = Muskeln und Sehnen) schlie\u00dfen, K\u00e4lte hat einen Bezug zum Element Wasser, u.s.w..<\/p>\n<p>Der Schl\u00fcssel zur Gesundheit liegt in der asiatische Betrachtungsweise im Gleichgewicht, in der Ausgewogenheit der Elemente. Die Behandlung erfolgt auf Grund einer ausf\u00fchrlichen asiatischen Diagnose. Diese umfasst immer eine gr\u00fcndliche Anamnese, das Ertasten der Pulse (Pulsdiagnose), dem Betrachten der Zunge (Zungendiagnose) und ggf. der Bauch-(Hara-Diagnose) und R\u00fccken-Diagnose-Zonen. Die daraus resultierende Therapie ist individuell, f\u00fcr jeden Patienten unterschiedlich und wird bei jeder Behandlung neu erstellt und den momentanen Gegebenheiten des Patienten angepasst.<br \/>\nDas Ziel der Behandlung ist Dysharmonie auszugleichen und das energetische System des Menschen ins Gleichgewicht zu bringen.<\/p>\n<ul>\n<li><strong>Pulsdiagnose:<\/strong> Die Pulse werden an beiden Armen am Handgelenk an drei Positionen ertastet und vermitteln dem Behandler einen \u00dcberblick \u00fcber den gesamten energetischen Zustand des Menschen und der Organe<\/li>\n<\/ul>\n<ul>\n<li><strong>Zungendiagnose:<\/strong> Form, Farbe, Dicke, Breite, Belag und Beweglichkeit der Zunge und des Mundraumes geben Auskunft \u00fcber den Zustand der inneren Organe und lassen R\u00fcckschl\u00fcsse auf krankmachende Einfl\u00fcsse zu.<\/li>\n<\/ul>\n<p>Die Puls- und Zungendiagnose wird bei jeder Behandlung neu erstellt.<\/p>\n<h2>Ohrakupunktur \/ Auriculotherapie<\/h2>\n<p>Die chinesische Form der Ohrakupunktur ist aus der Zeit der Tang-Dynastie (618-907) bekannt.<\/p>\n<p>Die heutige Form der Ohrakupunktur\/Auricolotherapie geht auf der franz\u00f6sischen Arzt Dr. Paul F.M. Nogier zur\u00fcck und ist ein eigenst\u00e4ndiges Behandlungssystem. Durch langj\u00e4hrige Forschungen konnte er in den 1950er Jahren belegen, dass die Ohrmuschel Reflexpunkte aufweist, deren Behandlung einen Bezug zu bestimmten K\u00f6perregionen aufweist. Selbst in China wurde die Ohrakupunktur nach Dr. Nogier wieder aufgenommen und weiterentwickelt.<\/p>\n<p>Untersuchung und Behandlung erfolgt auf der Seite der Lateralit\u00e4t, beim Rechtsh\u00e4nder rechts, beim Linksh\u00e4nder links. Die oft mit einem Punktsucher oder St\u00e4bchen untersuchten Punkte erweisen sich meist als sehr empfindlich oder zeigen bisweilen Ver\u00e4nderungen auf, die sicht- bzw. ertastbar sind. Dr. Nogier hat den nach ihm benannten Nogier-Reflex oder auriculo-cardialen Reflex entdeckt. Hierbei zeigt sich als diagnostische Methode eine Pulsver\u00e4nderung beim Bestreichen \/ Ber\u00fchren eines Ohrakupunkturpunktes.<\/p>\n<p>Bei der Nadelung der Ohrpunkte kommen sehr kurze Nadeln zum Einsatz, die 20-30 Minuten verweilen. Durch eine leichte Drehung der Nadel kann der Therapieeffekt verst\u00e4rkt werden.<\/p>\n<p>Die Ohrakupunktur wird eingesetzt bei<\/p>\n<ul>\n<li>Beschwerden des Bewegungsapparates<\/li>\n<li>R\u00fcckenbeschwerden<\/li>\n<li>Gelenkbeschwerden<\/li>\n<li>Menstruationsbeschwerden<\/li>\n<li>Allergien<\/li>\n<li>St\u00f6rungen des Verdauungsapparates<\/li>\n<\/ul>\n<h2>Phytotherapie<\/h2>\n<p><a title=\"http:\/\/de.wikipedia.org\/wiki\/Phytotherapie\" href=\"http:\/\/de.wikipedia.org\/wiki\/Phytotherapie\" target=\"_blank\">(siehe auch)<\/a><\/p>\n<h2>Schr\u00f6pfen \/ Schaben \u2013 GUA SHA<\/h2>\n<p><a title=\"http:\/\/de.wikipedia.org\/wiki\/Schr%C3%B6pfen\" href=\"http:\/\/de.wikipedia.org\/wiki\/Schr%C3%B6pfen\" target=\"_blank\">(siehe auch)<\/a><\/p>\n<h1>IOKAI \u2013 MERIDIAN \u2013 SHIATSU<\/h1>\n<p>Die Definition des japanische Gesundheitministeriums lautet:<\/p>\n<p style=\"padding-left: 30px;\">Shiatsu-Therapie ist eine Form von manueller Behandlung, ausgef\u00fchrt mit Daumen, Fingern und Handfl\u00e4chen . Durch Druck auf die menschliche Haut beseitigt sie innere St\u00f6rungen, f\u00f6rdert und erh\u00e4lt die Gesundheit und behandelt spezielle Beschwerden.<\/p>\n<p style=\"padding-left: 30px;\"><a title=\"http:\/\/iokai.de\/\" href=\"http:\/\/iokai.de\/\" target=\"_blank\">(siehe auch)<\/a><\/p>\n<h2>Warum IOKAI &#8211; MERIDIAN &#8211; SHIATSU?<\/h2>\n<p>Die Bezeichnung <strong>IOKAI<\/strong> ist von einem buddhistische Sutra abgeleitet. Die vielschichtige Bedeutung von <strong>IO<\/strong> umfasst das Verstehen von Krankheit (Leiden), ihre Entwicklung, die Vermeidung und das Verstehen von Genesung. <strong>KAI<\/strong> bedeutet Gemeinschaft, Zusammenkommen, Synthese. Nach S. Masunagas Auffassung sollte Shiatsu dieser Philisophie entsprechen. Meridiane sind Ausdruck der fundamentalen Lebensfunktionen. Erkennen und behandelnkann man sie, wenn man den Menschen in seiner Gesamtheit (<strong>KAI<\/strong>) betrachtet und versteht.<\/p>\n<p>Meridiane verlaufen \u00fcber den menschlichen K\u00f6rper von einem Ende zum anderen und stehen in Zusammenhang mit den Funktionen der inneren Organe. Durch das Ersp\u00fcren und Manipulieren\/Behandeln des Zustandes der Meridiane werden die elementaren Lebensfunktionen in ihre nat\u00fcrliche Ordnung gebracht. Daher konzentriert sich die Behandlung im IOKAI-MERIDIAN-SHIATSU besonders auf die Meridiane.<\/p>\n<p>Jeder IOKAI-MERIDIAN-SHIATSU Behandlung geht eine asiatische Diagnose voraus. Die Diagnose der Bauch-(Hara-Diagnose) und\/oder R\u00fcckendiagnose-Zonen, Pulsdiagnose, Zungendiagnosebestimmen den individuellen Behandlungsablauf.<\/p>\n<h1>FENG SHUI &#8211; Beratung<\/h1>\n<p><a title=\"http:\/\/de.wikipedia.org\/wiki\/Feng_Shui\" href=\"http:\/\/de.wikipedia.org\/wiki\/Feng_Shui\" target=\"_blank\">(siehe auch)<\/a><\/p>\n<h1>Osteopathie<\/h1>\n<div id=\"attachment_134\" style=\"width: 120px\" class=\"wp-caption alignright\"><a href=\"http:\/\/www.vfo.de\/\"><img loading=\"lazy\" decoding=\"async\" aria-describedby=\"caption-attachment-134\" class=\"size-full wp-image-134  \" alt=\"VFO Logo\" src=\"https:\/\/naturheilpraxis-haimendorf.de\/wp-content\/uploads\/2012\/08\/VFO_logo.png\" width=\"110\" height=\"110\" \/><\/a><p id=\"caption-attachment-134\" class=\"wp-caption-text\">Verband Freier Osteopathen e.V.<\/p><\/div>\n<p>Die Osteopathie ist eine moderne ganzheitliche Therapie, die schon vor ca. 100 Jahren in Amerika entstand. Sie basiert auf der uneingeschr\u00e4nkten Funktion des Bewegungsapparates. Aus seiner Unzufriedenheit \u00fcber die M\u00f6glichkeiten der klassischen Medizin entwickelte der Arzt Dr. Andrew Taylor Still (1828-1917) eine neue ganzheitliche Therapie, die die Strukturen des menschlichen K\u00f6rpers in allen Bereichen normalisiert, die Zirkulation der K\u00f6rpers\u00e4fte und den Metabolismus wiederherstellt, und damit den K\u00f6rper dazu veranlasst und in die Lage versetzt, seine autoregulativen Kr\u00e4fte (Selbstheilungskr\u00e4fte) voll auszusch\u00f6pfen.<\/p>\n<p>Die osteopathische Behandlung befreit den K\u00f6rper von Verspannungen und Bewegungseinschr\u00e4nkungen im Bereich des Bewegungsapparates, der Gelenke (os = Knochen, pathos = Leiden), im Bereich innerer Organe durch viscerale Osteopathie (manuelle Techniken zur Behandlung innerer Organe) und durch die CranioSacrale Therapie, eine Erweiterung durch W.G. Sutherland (1873-1954) auf den Bereich der Sch\u00e4delknochen und den damit verbundenen Strukturen (Gef\u00e4\u00dfe, Faszien) im inneren des Sch\u00e4dels und der Wirbels\u00e4ule.<\/p>\n<p style=\"text-align: left; padding-left: 30px;\"><strong>Osteopathie wird auch von gesetzlichen Krankenkassen bezahlt bzw. werden Kosten ganz oder teilweise \u00fcbernommen. Bitte erkundigen Sie sich bei Ihrer gesetzlichen Krankenkasse \u00fcber die geltende Regelung der Kosten\u00fcbernahme.<\/strong><\/p>\n<h1>Cranio Sacrale Therapie<\/h1>\n<p><a title=\"http:\/\/de.wikipedia.org\/wiki\/Cranio-Sacral-Therapie\" href=\"http:\/\/de.wikipedia.org\/wiki\/Cranio-Sacral-Therapie\" target=\"_blank\">(siehe auch)<\/a><\/p>\n<h1>Chiropraktik<\/h1>\n<p>Die Wirbels\u00e4ule besteht aus 24 beweglichen \u201cTeilen\u201d: 7 Hals-, 12 Brust- und 5 Lendenwirbel, Kreuzbein und Stei\u00dfbein. Die Wirbel sind durch Bandscheiben, B\u00e4nder, stabilisierende Muskulatur (Faszien) miteinander verbunden.<\/p>\n<p>Die kleinen Gelenke an jedem Wirbel verbinden die Wirbel miteinander und gew\u00e4hrleisten die Beweglichkeit der einzelnen Wirbel untereinander. Die Wirbels\u00e4ule tr\u00e4gt den Kopf, h\u00e4lt den K\u00f6rper in einer aufrechten Haltung und umgibt sch\u00fctzend das R\u00fcckenmark mit seinen R\u00fcckenmarksh\u00e4uten. Je ein Nervenpaar verl\u00e4sst zwischen zwei Wirbeln den R\u00fcckenmarkskanal. Die Nerven durchziehen den ganzen K\u00f6rper, Haut, Muskeln, Sehnen, Fazien und innere Organe.<\/p>\n<p>Das macht deutlich, welche Auswirkungen es haben kann, wenn ein Wirbelk\u00f6rper eine Fehlstellung oder eine Verschiebung aufweist. Nervengewebe wird gedr\u00fcckt oder gequetscht (Bandscheibenvorw\u00f6lbung\/Protursion oder Bandscheibenvorfall\/Prolaps) und es kommt zu unterschiedlichsten Folgeerscheinungen bzw. Beschwerden. Die umliegende Muskulatur verkrampftsofort und verfestigt die Fehlstellung des Wirbels, die Durchblutung wird eingeschr\u00e4nkt und damit kann es zur Degeneration von Gewebe kommen. Die Schonhaltung, die durch den Schmerz eingenommen wird, f\u00fchrt zu einer Ver\u00e4nderung der K\u00f6rperstatik und zieht andere K\u00f6rperpartien in Mitleidenschaft.<\/p>\n<p>Bei der chiropraktischen Behandlung werden durch gezielte Grifftechniken, Manipulationen der blockierte Wirbel wieder in die richtige Lage gebracht oder Gelenke mobilisiert. Die Beweglichkeit der Wirbelgelenke, aber auch der Gelenke an den Extremit\u00e4ten wird wiederhergestellt. H\u00e4ufig sind schon nach der ersten Behandlung deutliche Verbesserung der Mobilit\u00e4t zu Sp\u00fcren, in der Regel sind jedoch mehrere Behandlungen erforderlich, um eine Stabilisierung zu erreichen.<\/p>\n<p>Die Chiropraktik ist eine Therapie, die nicht nur die Symptome sondern die Ursache behandelt. Fehlstellungen der Wirbels\u00e4ule l\u00f6sen h\u00e4ufig Beschwerden des Bewegungsapparates aus (Ischias, Hexenschuss, Kopf- und Nackenschmerzen,Schulter-Arm-Beschwerden, etc.) aber auch Befindensst\u00f6rungen der inneren Organe (Magenbeschwerden, Verdauungsprobleme, etc.).<\/p>\n<h1>Neuraltherapie<\/h1>\n<p>Die Neuraltherapie geht auf den Arzt Dr. Ferdinand Huneke (1891-1966) zur\u00fcck, der in den 1920er Jahren entdeckte, dass Lokalan\u00e4sthetika (Procain\/Lidocain) nicht nur zur Bet\u00e4ubung sondern auch als Heilmittel einzusetzen sind. Die Neuraltherapie z\u00e4hlt zu den \u201enat\u00fcrlichen Heilverfahren\u201c, den \u201eRegulationstherapien\u201c.<\/p>\n<p>Durch sie wird versucht \u00fcber das vegetative Nervensystem das normale Ordnungsprinzip im K\u00f6rper wiederherzustellen. Sie zielt auf einzelne Beschwerdebilder \/Symptome) oder Krankheitsgruppen (Syndrome) ab und wirkt im Grunde urs\u00e4chlich = kausal und heilend = kurativ. Die Neuraltherapie unterteilt sich in<\/p>\n<ul>\n<li><strong>Segmenttherapie:<\/strong><br \/>\nEine erfolgversprechende Injektionstherapie, die immer dann Anwendung finden kann, wenn f\u00fcr das vorliegende Beschwerdebild kein Herd oder St\u00f6rfeld gefunden werden kann. Hier wendet sich der Behandler der erkrankten bzw. schmerzenden Stelle zu. Die therapeutischen Behandlungsareale der Segmenttherapie finden sich im Wesentlichen in Bereichen der schmerzende \/ schmerzverursachenden Gebiete:<\/p>\n<ul>\n<li>Haut-Reflexzonen (Schmerzareale)<\/li>\n<li>Nervenaustrittspunkte<\/li>\n<li>schmerzende Muskeln, Faszien und Sehnen<\/li>\n<li>Nervenverl\u00e4ufe<\/li>\n<li>schmerzende Gelenke<\/li>\n<\/ul>\n<\/li>\n<li><strong>St\u00f6rfeldtherapie:<\/strong><br \/>\nHier geht man davon aus, dass die vorliegenden Beschwerden von einer \u201ekrankmachenden Stelle\u201c (d.h. Herd oder St\u00f6rfeld) ausgel\u00f6st wird. Dabei m\u00fcssen Herd oder St\u00f6rfeld nicht dasselbe sein. Es kann z.B. eine Mandelentz\u00fcndung oder ein vereiterter Zahn ein echter Krankheitsherd sein, der Bakterien oder Gifte streut. Entstehen durch Operationen Narben oder z.B. durch gezogene Z\u00e4hne. So k\u00f6nnen sich die so entstandenen Narben zu St\u00f6rfeldern entwickeln, die anderen K\u00f6rperstellen Beschwerden verursachen. Diese werden mit Neuraltherapeutischen Injektionen behandelt, narben werden unterspritzt, um so diesen st\u00f6renden Einfluss im Gewebe auszuschalten. Am bekanntesten ist in diesem Rahmen das \u201eSekundenph\u00e4nomen\u201c nach Narbenunterspritzungen, bei dem ein sofortiges Verschwinden der Beschwerden zu beobachten ist.<\/li>\n<\/ul>\n<h1>Injektionskuren<\/h1>\n<p>Regeneration und Verbesserung des Knorpel- und Gelenkstoffwechsels zur Linderung von arthritischen Gelenkbeschwerden.<\/p>\n<p>Zelltherapie mit Pr\u00e4paraten der Firmen:<\/p>\n<ul>\n<li>REGENERESEN<\/li>\n<li>Heel<\/li>\n<li>VitOrgan<\/li>\n<li>wala<\/li>\n<\/ul>\n<p>Entgiftungs &#8211; \/ Ausleitungs \u2013 Kuren bei Gelenk- und Gewebeverschlackungen, Schwermetallbelastungen,&#8230;<\/p>\n<p>Ziel der Behandlung:<\/p>\n<ul>\n<li>Schmerzmanagement<\/li>\n<li>Stoffwechselverbesserung<\/li>\n<li>Verhindern des Fortschreitens von Krankheiten<\/li>\n<li>Aktivierung der Selbstheilungskr\u00e4fte<\/li>\n<\/ul>\n<h1>Magnetfeldbehandlungen<\/h1>\n<p>N\u00e4here Informationen hierzu erfahren Sie in unserer Praxis.<\/p>\n<h1>vitatec \u2013 Vitalfeldtherapie<\/h1>\n<h2>Global Diagnostics<\/h2>\n<p><a title=\"http:\/\/www.vitatec.com\/\" href=\"http:\/\/www.vitatec.com\/\" target=\"_blank\">(siehe auch)<\/a><\/p>\n","protected":false},"excerpt":{"rendered":"<p>Traditionelle Chinesische Medizin Akupunktur In der Traditionellen Chinesischen Medizin, wie auch in allen anderen asiatischen Behandlungsmethoden und Therapien wird der Mensch als eine Form von Mikrokosmos betrachtet, in dem alle Erscheinungen, die auf diesen Mikrokosmos einwirken, den Menschen in allen Aspekten seines Seins beeinflussen. Alles steht immer miteinander in Verbindung. Der Mensch als interagierender Teil [&hellip;]<\/p>\n","protected":false},"author":3,"featured_media":0,"parent":25,"menu_order":0,"comment_status":"closed","ping_status":"closed","template":"","meta":{"footnotes":""},"class_list":["post-55","page","type-page","status-publish","hentry"],"_links":{"self":[{"href":"https:\/\/naturheilpraxis-haimendorf.de\/index.php?rest_route=\/wp\/v2\/pages\/55","targetHints":{"allow":["GET"]}}],"collection":[{"href":"https:\/\/naturheilpraxis-haimendorf.de\/index.php?rest_route=\/wp\/v2\/pages"}],"about":[{"href":"https:\/\/naturheilpraxis-haimendorf.de\/index.php?rest_route=\/wp\/v2\/types\/page"}],"author":[{"embeddable":true,"href":"https:\/\/naturheilpraxis-haimendorf.de\/index.php?rest_route=\/wp\/v2\/users\/3"}],"replies":[{"embeddable":true,"href":"https:\/\/naturheilpraxis-haimendorf.de\/index.php?rest_route=%2Fwp%2Fv2%2Fcomments&post=55"}],"version-history":[{"count":6,"href":"https:\/\/naturheilpraxis-haimendorf.de\/index.php?rest_route=\/wp\/v2\/pages\/55\/revisions"}],"predecessor-version":[{"id":135,"href":"https:\/\/naturheilpraxis-haimendorf.de\/index.php?rest_route=\/wp\/v2\/pages\/55\/revisions\/135"}],"up":[{"embeddable":true,"href":"https:\/\/naturheilpraxis-haimendorf.de\/index.php?rest_route=\/wp\/v2\/pages\/25"}],"wp:attachment":[{"href":"https:\/\/naturheilpraxis-haimendorf.de\/index.php?rest_route=%2Fwp%2Fv2%2Fmedia&parent=55"}],"curies":[{"name":"wp","href":"https:\/\/api.w.org\/{rel}","templated":true}]}}